5. Let s be z(-5). Suppose 6 - c = -s*d. What is the greatest common factor of 27 and d?
9
Let w(r) = -r**3 - 5*r**2 + 13*r + 4. Let d be w(-7). Suppose 2*c = 5*y - 218, 3*y + 2*c + 86 = 5*y. Calculate the highest common factor of d and y.
11
Let m(l) = -4*l - 2. Let r be m(-5). Suppose 4*q = 5*q - 2. Let k be (q*-2 - -1) + 9. What is the highest common factor of r and k?
6
Let h = 33 + -8. Suppose -19 = 3*s + 2*r, 2*s + 3*s = -2*r - h. Let b be (s/(-2))/(3/10). Calculate the highest common divisor of 10 and b.
5
Let k = 4 + 5. Let w = 151 - 276. Let o = 206 + w. What is the greatest common divisor of o and k?
9
Suppose 24*f - 120 = 19*f. Let t be 20*(-1 - 18/(-10)). What is the highest common divisor of f and t?
8
Let j be 9/6*16/6. Suppose 3*f - 2*o - 46 = 0, 3*f - j*o = -0*o + 56. What is the greatest common factor of f and 12?
12
Let c = 0 - -2. Suppose -c*x = 1 - 9. Suppose -b + 1 + x = 0. What is the highest common factor of 1 and b?
1
Let u(v) = 3*v + 1. Suppose -3*p + 14 = 2*y, -2*y - 2*y = -4*p - 28. Let f be u(y). Calculate the greatest common divisor of 44 and f.
22
Let l = 9 - 15. Let y(w) = 2*w**2 + 3*w + 6. Let p be y(l). What is the highest common divisor of p and 24?
12
Let g(o) = -80*o - 1. Let d be g(-1). Let w = -52 + d. Suppose 6 - w = -3*b. Calculate the highest common factor of b and 77.
7
Suppose 4*f = 2 + 2. Let m be 6 + 3 + f + 0. Suppose 0 = -0*t + 3*t - 120. Calculate the greatest common factor of m and t.
10
Let a = -56 + 76. Let z(n) = -n**3 - 4*n**2 - 3*n + 1. Let j be z(-4). Let y = 18 - j. What is the highest common divisor of y and a?
5
Let h be 10/(-3)*138/(-4). Calculate the highest common factor of 23 and h.
23
Let h be (-2055)/(-12) + (-4)/16. What is the highest common divisor of h and 19?
19
Let n = -56 - -100. Calculate the highest common divisor of n and 4.
4
Suppose -2*c + 8 = d - 1, 0 = -5*c + 5*d + 45. Calculate the highest common divisor of c and 42.
6
Let o(z) = -z**2 - 22*z - 19. Let i be o(-20). What is the greatest common factor of i and 3?
3
Suppose -2*m = -m. Suppose -3*i - 1 + 4 = m. What is the greatest common factor of 9 and i?
1
Let t = 109 - -55. Let k = t - 109. Calculate the greatest common factor of 22 and k.
11
Let p(r) = r + 11. Let s be p(5). Calculate the highest common divisor of 12 and s.
4
Let u be -8 + -38 + 1 + 1. Suppose 3*i = -m - 25, -i = -3*m + 2 + 23. Let q = i - u. Calculate the greatest common divisor of q and 51.
17
Let c = 195 + -118. Let s(k) = -2*k**3 - k**2 + 1. Let u be s(-1). Let o be (11/u)/((-5)/(-10)). What is the greatest common divisor of o and c?
11
Let m(u) = 2*u**2 + 3*u - 4. Let o be m(-6). Let c = 24 - 19. Suppose -h = -c*h + 80. Calculate the greatest common divisor of o and h.
10
Let r be 56/(-21)*(-9)/6. Suppose -229 - 155 = -r*f. Calculate the highest common divisor of 24 and f.
24
Suppose -t - 1 = 0, -3*g + 3*t = -0*t - 87. Let k = g - 19. Calculate the greatest common divisor of 81 and k.
9
Suppose -5*p - g + 10 = -55, -p + 34 = -4*g. What is the greatest common factor of p and 28?
14
Let c(l) = 0*l + 5 - 3*l - 3. Let y be c(-4). Let s = y - 8. Calculate the highest common factor of s and 12.
6
Let x(r) = -7 + 6 + 3 + 0 + r**3 + 7*r**2. Let a be x(-7). Calculate the greatest common factor of a and 2.
2
Let w = -9 - -13. Suppose -2*s - 14 = -2*k - 0*s, 0 = -5*s - 10. Suppose -k*b + 25 = -w*f, -b - 3*b = -2*f - 20. What is the highest common factor of 45 and b?
5
Let j = 14 - 20. Let c = -6 - j. Let t be c + (-1 + 2 - -2). What is the greatest common divisor of t and 3?
3
Let d = 115 - -11. Suppose 4*w = 82 - 10. What is the greatest common divisor of d and w?
18
Let f be (6 - -12)*(-28)/(-6). Calculate the highest common divisor of 28 and f.
28
Let g be (6/(-4) - -1)*-8. Suppose f - g*f + 8 = 2*h, -5*h + 6 = 4*f. Suppose 3*b - w = 9, 0 = -5*w + 11 + f. What is the greatest common factor of 36 and b?
4
Let x be 2*-1 + 80/10. Suppose -x*g + 5*g + 11 = 0. Let n(y) = -y**3 - 4*y**2 + 5. Let p be n(-6). Calculate the greatest common divisor of g and p.
11
Let f = 71 - 65. What is the highest common factor of f and 30?
6
Let v(s) = 3*s - 46. Let i be v(17). What is the greatest common factor of i and 65?
5
Let s = -47 + 49. What is the greatest common divisor of 6 and s?
2
Let o be (6/5)/((-6)/(-180)). Suppose -o = -5*m + m. Suppose 3*j - m = 30. What is the greatest common factor of j and 13?
13
Let c(n) = 16*n**2 - 2*n + 1. Let a be c(1). What is the greatest common factor of 75 and a?
15
Let i(n) = -11*n**3 - n**2 + 2*n + 4. Let m be -2 - ((3 - 2) + -1). Let a be i(m). Calculate the greatest common factor of a and 12.
12
Let x(m) = m**3 - 2*m**2 + 3*m - 5. Let l be x(4). Suppose -w - l = -2*w. Let t = -9 + w. Calculate the greatest common factor of 10 and t.
10
Let w be 4/5*25/2. Let c = 16 - 12. Calculate the greatest common divisor of c and w.
2
Suppose -2*f + 14 = -3*x + 4*x, -34 = -x + 2*f. Suppose -s + 19 = -5. Calculate the greatest common factor of x and s.
24
Suppose -2*j + 8 = s, 5*s - 2*s + 5*j = 21. Calculate the highest common divisor of s and 22.
2
Let c be (-2)/(2/(-8) - 0). What is the greatest common factor of 1 and c?
1
Let g(m) = -6*m - 14. Let t be g(-5). What is the highest common factor of 80 and t?
16
Let u(i) = i**3 - i**2 - i + 1. Let b be u(0). Let j = -44 + 93. Suppose -90 = -5*l - 3*o - 20, o - j = -4*l. Calculate the greatest common factor of b and l.
1
Suppose -v = 4*c - 4*v - 7, 2*v = 4*c - 10. Suppose -5*q = -c*q - 22. Suppose 0 = -4*a - 57 + 145. What is the greatest common factor of a and q?
22
Let q(k) = 5*k - 20. Let d be q(27). What is the greatest common divisor of 46 and d?
23
Let c = 24 + 5. Calculate the highest common divisor of c and 232.
29
Suppose v = -5*v + 18. Calculate the greatest common factor of 6 and v.
3
Let j be (-2)/4*0/(-3). Suppose j = -3*x + 111 - 30. Let n be 1 - -4 - (-9 - -5). Calculate the highest common factor of x and n.
9
Let f be (4 + -2)/((-4)/(-6)). Let a(m) = -3*m - 4. Let w be a(-3). Suppose w*t - 107 = -2. What is the highest common factor of t and f?
3
Let p(m) = m**3 + m**2 + 12. Let j be p(0). Suppose 2*t - 72 = 4*q - 7*q, -2*t = 2*q - 68. What is the highest common divisor of t and j?
6
Suppose 2*s - 4*s = -6. Suppose 0*y = s*y - 12. What is the greatest common factor of y and 10?
2
Let h be (6/4)/(3/4). Calculate the greatest common divisor of h and 18.
2
Let y be ((-32)/10)/(-2*2/40). Calculate the greatest common factor of y and 96.
32
Let i = 72 + -30. What is the highest common factor of i and 6?
6
Let n(v) = 30*v - 4. Let x be n(6). Let a be (-16)/(-40) + (-58)/(-5). Let y = 4 + a. Calculate the greatest common divisor of x and y.
16
Suppose 4*y = -17*y + 273. What is the greatest common factor of y and 39?
13
Let w(y) = 26*y**2 + 2*y + 1. Let u be w(-4). Suppose 4*t - u = -3*d, -2*d - 2*t = d - 407. What is the greatest common divisor of 27 and d?
27
Let w = 29 + -17. What is the greatest common factor of w and 48?
12
Let o be 4/6*477/6. Suppose 2*i + o = i. Let s = 143 + i. Calculate the greatest common factor of 10 and s.
10
Suppose -3*r - 5 = -4*r. Suppose -48 = -r*t + 7. What is the greatest common factor of 1 and t?
1
Let o(u) = u + 2. Let v be o(15). What is the greatest common divisor of 34 and v?
17
Suppose 5*a = -3*q + a + 203, 4*a = 4*q - 252. Calculate the greatest common factor of q and 26.
13
Let o be 54/(-4) - 3/6. Let n = -1 - o. What is the highest common divisor of n and 117?
13
Let p = 8 - 25. Let n = 32 + p. What is the highest common divisor of n and 5?
5
Let a = -24 + 24. Suppose c = -a*c + 117. Calculate the highest common factor of c and 13.
13
Suppose 0 = -4*f + 6 + 10. Suppose -f*l = -200 + 44. What is the highest common divisor of 13 and l?
13
Let z be 18/12 + ((-76)/(-8) - 4). Let v = 89 + -26. What is the greatest common factor of v and z?
7
Suppose 7 - 27 = 5*z. Let g be z + 36/3 - -4. What is the greatest common divisor of 96 and g?
12
Let m = -25 - -66. Calculate the greatest common divisor of m and 328.
41
Suppose 0 = -4*z - 32 - 100. Let t be 1/((-102)/z - 3). Let j = 11 + 0. What is the highest common factor of j and t?
11
Suppose 2*g - 200 = 56. Calculate the highest common factor of 16 and g.
16
Suppose o = 2*o - 42. Let m = 196 + 